= a - -24. Let f = -4 + v. Calculate the greatest common factor of 1 and f.
1
Suppose -3*q - 3*h = -117, 2*h + 188 = -0*q + 5*q. Let k = q - -2. Let l be (-2 + -1 - -1) + 7. What is the greatest common factor of l and k?
5
Let o be (2/(-3))/((-1)/3). Suppose o*t = 20 + 22. What is the highest common factor of t and 189?
21
Let a be (-9 + 1)*1*-1. Let k be -4 - -4 - (-1 - 3). Calculate the highest common divisor of a and k.
4
Let z(x) = 7*x**3 - x**2 + 1. Let f be z(1). Let a be ((-2)/5)/(12/(-840)). Calculate the greatest common divisor of a and f.
7
Let w(f) = 9*f**2 + 1. Let a be w(1). Let v(r) = -r**2 - 9*r + 5. Let x be v(-9). Calculate the highest common factor of x and a.
5
Suppose -l + 4 = -13. Calculate the highest common divisor of l and 17.
17
Suppose r - 1 = 1. What is the highest common factor of 10 and r?
2
Suppose 59 + 4 = 4*o - 5*v, -v + 27 = o. What is the highest common factor of o and 22?
22
Let d(y) = -6*y + 19. Let g be d(-16). Calculate the greatest common factor of 23 and g.
23
Let n = -134 + 141. What is the highest common divisor of n and 7?
7
Let n = -6 + 9. Let b(q) = q**2 - 1. Let t be b(5). Calculate the highest common factor of n and t.
3
Let v = -1 - -3. Let f(d) = 4*d**2 - 4*d + 3. Let h be f(v). Let b(n) = 2*n - 13. Let o be b(12). What is the greatest common divisor of o and h?
11
Let j be 5*(6/(-15) + 1). Suppose 4*x + 2*r = 6*r + 28, j*x + 3*r - 9 = 0. What is the greatest common factor of x and 35?
5
Let v = -97 + 163. What is the highest common factor of v and 6?
6
Suppose 2*g = -3*g + 210. Suppose -4*t = -t - g. Let i = t - 9. Calculate the highest common factor of i and 55.
5
Let h(v) be the third derivative of -v**4/24 + 2*v**3 + 3*v**2. Let z be h(-10). Calculate the highest common factor of z and 33.
11
Suppose 1 = 2*o + 3. Let q = -6 - o. Let s be (-2)/(-10) + (-19)/q. Calculate the greatest common factor of s and 40.
4
Let o(g) = 11*g + 4. Suppose -3*f + 111 = 33. Suppose 4*u - 2*n = 2*u + 4, 0 = -4*u - 5*n + f. Let l be o(u). Calculate the greatest common factor of l and 16.
16
Let n = -15 - -35. What is the greatest common divisor of n and 10?
10
Let b be (-1)/(-4)*(-8)/(-2). Let g = 14 - b. Let y(f) = -f**3 + 7*f**2 + 4*f + 1. Let o be y(4). Calculate the greatest common divisor of o and g.
13
Let o be 4/(-10) + 92/5. Let i(y) = 4*y**2 + 2. Let p be i(-2). Calculate the highest common factor of p and o.
18
Suppose 2*o + 4*c - 720 = 0, -5*o + 5*c + 1769 = -31. Calculate the highest common divisor of 40 and o.
40
Let q(z) = 2*z**2 - 2. Let j be q(2). What is the greatest common divisor of j and 4?
2
Suppose -2*t + 538 = -166. Suppose 6*b = 2*b + t. Suppose 0 = -4*m - 46 + 134. What is the greatest common factor of m and b?
22
Let o = 16 + -11. Suppose -2*b + 5 = -1. Suppose 3*h = 3*p + 108, -o*h + 208 = 5*p - b*p. Calculate the greatest common factor of h and 10.
10
Let o(x) be the first derivative of -x**4/4 + x**3/3 + x**2/2 + 11*x - 5. Let u be o(0). Calculate the highest common divisor of 77 and u.
11
Let z = 36 + -26. Let n be (12/z)/(7/35). Calculate the greatest common factor of 6 and n.
6
Let h(i) = -i - 3. Let w be h(-3). Suppose -5*q - 30 - 5 = w. Let o(b) = b**2 + 7*b + 5. Let n be o(q). What is the highest common factor of 40 and n?
5
Suppose -k = 5*s - 19, 26 = 5*k - 0*k + 2*s. Let g = k + -2. Suppose g*b + 1 - 9 = 0. What is the greatest common factor of b and 44?
4
Let q = -71 + 92. Let i = -2 + 9. What is the highest common divisor of i and q?
7
Let y = -54 - -90. What is the greatest common factor of 324 and y?
36
Suppose a = s + s - 35, -5*s + 2*a = -88. Suppose 3*m = -0*t + 3*t - s, -4*m = -t + 9. Suppose -2*h = -t - 5. Calculate the highest common factor of 1 and h.
1
Let o(a) = -a + 11. Let d be o(9). Suppose 2*b = -w + 32, -4*w + 25 = b - 5. What is the highest common factor of b and d?
2
Suppose 0 = 3*m + 3*m - 54. Suppose 0 = -n + 5 + 13. Calculate the highest common factor of n and m.
9
Suppose 5*b - 4 = -4*v + 25, -2*v - b = -13. Calculate the highest common factor of v and 3.
3
Let m = -161 + 361. What is the greatest common divisor of 20 and m?
20
Suppose -4*s = 5*g - 80, -g + 100 = 8*s - 3*s. What is the greatest common factor of s and 10?
10
Let a = -19 - -25. What is the highest common divisor of a and 6?
6
Let m(n) = -2*n**2 + 4*n + 6. Let j(b) = -b**2 - b + 1. Let s(g) = -j(g) + m(g). Let a be s(5). What is the highest common factor of 5 and a?
5
Suppose 0 = 2*f + 5*a + 7, 27 = 5*f + 2*a - 8. Calculate the greatest common factor of f and 9.
9
Suppose 0*g + 4*g - 368 = -z, 2*z = 4*g - 368. Let d = g + -48. Calculate the highest common factor of d and 11.
11
Let p = 97 + -154. Let q = -8 + p. Let v be (4/(-5))/(2/q). Calculate the greatest common divisor of v and 13.
13
Suppose -3*u = -5*k - 130, 4*k - 238 = -5*u + 7*k. Calculate the highest common factor of 10 and u.
10
Suppose 0 = -t + 6*t + 90. Let u be 1264/144 - 4/t. Calculate the highest common divisor of u and 1.
1
Let z = -3 + 6. Suppose -4*b = -2*k - b + 69, -101 = -z*k + 5*b. What is the greatest common factor of 14 and k?
14
Suppose -2*y + m + 5 = -2, 4*m - 16 = -3*y. Suppose -165 = -9*c + y*c. Calculate the greatest common divisor of 3 and c.
3
Let z = 17 - 7. Let y(c) = -3*c**3 + 5*c**2 - 3*c - 10. Let k be y(-2). Calculate the highest common divisor of z and k.
10
Suppose 15*t - 11*t - 144 = 0. Calculate the greatest common divisor of 324 and t.
36
Let d = 55 - 45. What is the greatest common factor of 40 and d?
10
Suppose 0 = -3*x + 4*f + 222, 2*x + 5*f = 3*x - 85. Let j = -2 - -12. What is the greatest common factor of x and j?
10
Let i(f) = f**3 + 4*f**2 - 4*f + 5. Let r be i(-5). Let m be r + 1 - (-18)/2. Suppose -4*h + 46 = -114. What is the greatest common divisor of h and m?
10
Let a = -2 - -13. Let j be 0/(-1) - -9*a. Let z(y) = y**2 + 3*y - 1. Let i be z(2). Calculate the highest common factor of i and j.
9
Suppose 3*d = 3*v - 17 - 7, 2*d + 2 = 0. What is the highest common factor of v and 7?
7
Suppose n + 1 = 0, -3*q = 3*n + n + 4. Suppose -y - 3 = q, 16 = z - 0*y - y. Let o = -46 - -72. Calculate the greatest common divisor of o and z.
13
Let y = -5 + 11. Let n = 3 - -33. What is the greatest common divisor of y and n?
6
Let v(d) = -d - 3. Let w be v(-10). Suppose -5*t + t = 0. Suppose -5*q - p + 7 = t, q = -2*q + 5*p - w. Calculate the greatest common factor of q and 7.
1
Let d = 130 - 102. What is the greatest common factor of d and 12?
4
Let r be (-1)/((-26)/230) - (-6)/39. Suppose -5*q = 2*c - 45, -q = -4*c - 2 - 7. Calculate the highest common divisor of r and q.
9
Let p(i) = 11*i**2 + 3*i - 2. Let o be p(2). What is the highest common divisor of o and 12?
12
Let o = 3 - 6. Let v be (11 - 5)/(o/(-8)). Let c = v + -7. What is the highest common factor of 9 and c?
9
Let s be (-2)/((15/6)/5). Let q(y) = y**3 + 4*y**2 - 2*y - 6. Let x be q(s). Let o be x/(-1) - -16*1. What is the greatest common divisor of 42 and o?
14
Let z = -60 - -145. Calculate the highest common divisor of z and 34.
17
Suppose 0 = 4*p - p - 24. Let g(q) = 2*q - 8. Let s be g(p). Let y = -4 + s. Calculate the highest common divisor of y and 16.
4
Let d(k) = -6*k + 32. Let m be d(5). What is the highest common factor of 2 and m?
2
Let k be ((-4)/(-6))/((-20)/(-150)). Let s be (1/2)/(k/330). What is the greatest common divisor of 3 and s?
3
Suppose 5*r + 86 = 8*r - 5*i, -3*r = 5*i - 136. What is the highest common factor of 185 and r?
37
Let g be 12/(-78) + 630/39. Calculate the highest common factor of g and 144.
16
Let z(o) = -10*o + 20. Let q be z(0). Let d = 108 + -58. What is the highest common divisor of d and q?
10
Suppose -c + 9*h = 4*h + 14, -4*c + 5*h = -4. Suppose -19 = 3*p - 271. Let x be (p/(-10))/(c/(-20)). What is the greatest common divisor of x and 70?
14
Let c(i) be the third derivative of i**6/120 + 3*i**5/20 + i**4/4 + 5*i**3/3 + i**2. Let r be c(-5). What is the greatest common divisor of 32 and r?
16
Suppose -o + 94 = -4*g, 6*g = -5*o + 5*g + 428. What is the highest common divisor of 215 and o?
43
Let a(o) = -28*o - 3. Let j be a(-3). Calculate the highest common factor of 9 and j.
9
Let f = 7 - -5. Suppose -2 = 3*a - 38. Calculate the greatest common divisor of a and f.
12
Let a(u) be the first d